{"version":"1.0","provider_name":"Arbeitsrecht-Aktuell","provider_url":"https:\/\/www.arbeitsrecht-aktuell.ch\/de\/","author_name":"Nicolas Facincani","author_url":"https:\/\/www.arbeitsrecht-aktuell.ch\/de\/author\/facincani\/","title":"H\u00f6chstarbeitszeiten: 45 oder 50 Stunden? - Arbeitsrecht-Aktuell","type":"rich","width":600,"height":338,"html":"<blockquote class=\"wp-embedded-content\" data-secret=\"awlNx9e5YL\"><a href=\"https:\/\/www.arbeitsrecht-aktuell.ch\/de\/2026\/08\/29\/hoechstarbeitszeiten-45-oder-50-stunden\/\">H\u00f6chstarbeitszeiten: 45 oder 50 Stunden?<\/a><\/blockquote><iframe sandbox=\"allow-scripts\" security=\"restricted\" src=\"https:\/\/www.arbeitsrecht-aktuell.ch\/de\/2026\/08\/29\/hoechstarbeitszeiten-45-oder-50-stunden\/embed\/#?secret=awlNx9e5YL\" width=\"600\" height=\"338\" title=\"&#8222;H\u00f6chstarbeitszeiten: 45 oder 50 Stunden?&#8220; &#8211; Arbeitsrecht-Aktuell\" data-secret=\"awlNx9e5YL\" frameborder=\"0\" marginwidth=\"0\" marginheight=\"0\" scrolling=\"no\" class=\"wp-embedded-content\"><\/iframe><script type=\"text\/javascript\">\n\/* <![CDATA[ *\/\n\/*! This file is auto-generated *\/\n!function(d,l){\"use strict\";l.querySelector&&d.addEventListener&&\"undefined\"!=typeof URL&&(d.wp=d.wp||{},d.wp.receiveEmbedMessage||(d.wp.receiveEmbedMessage=function(e){var t=e.data;if((t||t.secret||t.message||t.value)&&!\/[^a-zA-Z0-9]\/.test(t.secret)){for(var s,r,n,a=l.querySelectorAll('iframe[data-secret=\"'+t.secret+'\"]'),o=l.querySelectorAll('blockquote[data-secret=\"'+t.secret+'\"]'),c=new RegExp(\"^https?:$\",\"i\"),i=0;i<o.length;i++)o[i].style.display=\"none\";for(i=0;i<a.length;i++)s=a[i],e.source===s.contentWindow&&(s.removeAttribute(\"style\"),\"height\"===t.message?(1e3<(r=parseInt(t.value,10))?r=1e3:~~r<200&&(r=200),s.height=r):\"link\"===t.message&&(r=new URL(s.getAttribute(\"src\")),n=new URL(t.value),c.test(n.protocol))&&n.host===r.host&&l.activeElement===s&&(d.top.location.href=t.value))}},d.addEventListener(\"message\",d.wp.receiveEmbedMessage,!1),l.addEventListener(\"DOMContentLoaded\",function(){for(var e,t,s=l.querySelectorAll(\"iframe.wp-embedded-content\"),r=0;r<s.length;r++)(t=(e=s[r]).getAttribute(\"data-secret\"))||(t=Math.random().toString(36).substring(2,12),e.src+=\"#?secret=\"+t,e.setAttribute(\"data-secret\",t)),e.contentWindow.postMessage({message:\"ready\",secret:t},\"*\")},!1)))}(window,document);\n\/\/# sourceURL=https:\/\/www.arbeitsrecht-aktuell.ch\/wp-includes\/js\/wp-embed.min.js\n\/* ]]> *\/\n<\/script>\n","thumbnail_url":"https:\/\/www.arbeitsrecht-aktuell.ch\/wp-content\/uploads\/2019\/08\/office-4249388_1280.jpg","thumbnail_width":1280,"thumbnail_height":853,"description":"Das Arbeitsgesetz ist zwar ein zentrales Schutzgesetz des schweizerischen Arbeitsrechts. Es gilt aber nicht ausnahmslos f\u00fcr jedes Arbeitsverh\u00e4ltnis. Das Gesetz kennt betriebliche Ausnahmen, pers\u00f6nliche Ausnahmen und Sonderf\u00e4lle, in denen nur einzelne Schutzvorschriften anwendbar bleiben."}

Höchstarbeitszeiten: 45 oder 50 Stunden? - Arbeitsrecht-Aktuell

<blockquote class="wp-embedded-content" data-secret="awlNx9e5YL"><a href="https://www.arbeitsrecht-aktuell.ch/de/2026/08/29/hoechstarbeitszeiten-45-oder-50-stunden/">Höchstarbeitszeiten: 45 oder 50 Stunden?</a></blockquote><iframe sandbox="allow-scripts" security="restricted" src="https://www.arbeitsrecht-aktuell.ch/de/2026/08/29/hoechstarbeitszeiten-45-oder-50-stunden/embed/#?secret=awlNx9e5YL" width="600" height="338" title="&#8222;Höchstarbeitszeiten: 45 oder 50 Stunden?&#8220; &#8211; Arbeitsrecht-Aktuell" data-secret="awlNx9e5YL" frameborder="0" marginwidth="0" marginheight="0" scrolling="no" class="wp-embedded-content"></iframe><script type="text/javascript">
/* <![CDATA[ */
/*! This file is auto-generated */
!function(d,l){"use strict";l.querySelector&&d.addEventListener&&"undefined"!=typeof URL&&(d.wp=d.wp||{},d.wp.receiveEmbedMessage||(d.wp.receiveEmbedMessage=function(e){var t=e.data;if((t||t.secret||t.message||t.value)&&!/[^a-zA-Z0-9]/.test(t.secret)){for(var s,r,n,a=l.querySelectorAll('iframe[data-secret="'+t.secret+'"]'),o=l.querySelectorAll('blockquote[data-secret="'+t.secret+'"]'),c=new RegExp("^https?:$","i"),i=0;i<o.length;i++)o[i].style.display="none";for(i=0;i<a.length;i++)s=a[i],e.source===s.contentWindow&&(s.removeAttribute("style"),"height"===t.message?(1e3<(r=parseInt(t.value,10))?r=1e3:~~r<200&&(r=200),s.height=r):"link"===t.message&&(r=new URL(s.getAttribute("src")),n=new URL(t.value),c.test(n.protocol))&&n.host===r.host&&l.activeElement===s&&(d.top.location.href=t.value))}},d.addEventListener("message",d.wp.receiveEmbedMessage,!1),l.addEventListener("DOMContentLoaded",function(){for(var e,t,s=l.querySelectorAll("iframe.wp-embedded-content"),r=0;r<s.length;r++)(t=(e=s[r]).getAttribute("data-secret"))||(t=Math.random().toString(36).substring(2,12),e.src+="#?secret="+t,e.setAttribute("data-secret",t)),e.contentWindow.postMessage({message:"ready",secret:t},"*")},!1)))}(window,document);
//# sourceURL=https://www.arbeitsrecht-aktuell.ch/wp-includes/js/wp-embed.min.js
/* ]]> */
</script>

Das Arbeitsgesetz ist zwar ein zentrales Schutzgesetz des schweizerischen Arbeitsrechts. Es gilt aber nicht ausnahmslos für jedes Arbeitsverhältnis. Das Gesetz kennt betriebliche Ausnahmen, persönliche Ausnahmen und Sonderfälle, in denen nur einzelne Schutzvorschriften anwendbar bleiben.
